. What is the remainder when l is divided by 27?
15
Let c(d) = -d - 4. Let r be c(-6). Suppose -w + 3*y + 54 = -19, -3*w - r*y = -164. Calculate the remainder when w is divided by 59/3 + 5/15.
18
Calculate the remainder when 0*1/4 + (111 - (-2 - -3)) is divided by 21.
5
Suppose 9*w - 226 = -190. Suppose -4 = b - 5*b - w*a, 5*b - 3*a - 21 = 0. Calculate the remainder when 7 is divided by b.
1
Let o = -20780 - -22138. What is the remainder when o is divided by 24?
14
Calculate the remainder when 900 is divided by 71 + (102 - 3)/9.
80
Let t(s) = 48*s - 11. Let j be t(-3). Let d = 189 + j. Calculate the remainder when d is divided by 22.
12
Suppose -r = 5*b - 322, 0*r - 4*r + 1220 = 3*b. Let l = r - 196. Calculate the remainder when l is divided by 35.
1
Suppose 3*i + 4*i = 308. Suppose 2*u - 12 - 8 = 0. What is the remainder when i/(-154) - 184/(-7) is divided by u?
6
Let n be (8 + 60 + 4)/2. Calculate the remainder when 4 - (-90)/n*(-376)/(-10) is divided by 21.
14
Let l(u) = u + 5. Let q be l(-6). Let b = 7 + 87. Calculate the remainder when b is divided by (-5 - -37)*9/(-12)*q.
22
Let q = 400 + -407. Calculate the remainder when (14/(-8))/q*1336 is divided by 67.
66
Let n(o) = -o**3 + 5*o**2 + 17*o - 11. Let r = 15 - 8. Let z be n(r). Suppose -z*d + 8*d + 108 = 0. Calculate the remainder when d is divided by 14.
12
Suppose -16*w - 374 = -726. What is the remainder when 412 is divided by w?
16
Suppose 13*m = -8*m - 1848. Let u = m + 107. Calculate the remainder when 54 is divided by u.
16
Let g(b) = -12*b**2 - 337*b + 108. What is the remainder when 12645 is divided by g(-28)?
133
Let z = 235 - 219. Suppose -z*c - 126 = -23*c. Calculate the remainder when 79 is divided by c.
7
Suppose 3*g = -t + 4, 3*t + 12 = 4*t - g. Let y(o) = -4*o + 15. Let i be ((-11)/4)/((-3)/(-12)). What is the remainder when y(i) is divided by t?
9
Suppose r - 47 = 2*b, 3*b - 37 = -39*r + 38*r. What is the remainder when 221 is divided by r?
6
Let m(j) = -52*j + 5317. Calculate the remainder when 1307 is divided by m(98).
202
Suppose -12*f + 5*f + 121122 = -33263. Calculate the remainder when f is divided by 161.
159
Let k be 1*(7 - 3) - -24. Calculate the remainder when k/4 + (5 - -170) is divided by 62.
58
Let p = 76 + -53. Suppose 0 = -2*q + 5*i + 15, 4*q + i = -2*i + 95. Suppose -21*d + q = -295. What is the remainder when p is divided by d?
8
Let d(z) = -16*z**2 + 97*z - 1. What is the remainder when 494 is divided by d(5)?
74
Suppose 101*q - 495 = 90*q. What is the remainder when 77 is divided by q?
32
Let y be (-165)/(-45) - (-2 + (-16)/(-6)). Suppose 48 = 3*k + y*k. What is the remainder when 55 is divided by k?
7
Let j = 2 + 2. Let i be ((-264)/54 - (-1)/(-9))*1. Calculate the remainder when (7 - 11 - i)*10 is divided by j.
2
Let k(d) = 30*d + 13. Let t be k(9). Suppose -5*l + t = -192. Let p(n) = n**2 - 2*n + 12. Calculate the remainder when l is divided by p(0).
11
Let w(t) = t**3 - 20*t**2 - t + 27. Suppose -38*r + 160 = -30*r. Calculate the remainder when 45 is divided by w(r).
3
Let m(r) = -281*r - 11332. What is the remainder when 1512 is divided by m(-43)?
10
Let g be 1*9/3 - 9. Calculate the remainder when ((-5)/15 - 20/g)*11 is divided by 9.
6
Let q = 13110 + -13098. What is the remainder when 13520 is divided by q?
8
Let k = -3 - -4. Suppose -4*a = -3*l + 33, -108*a = -113*a + 4*l - 41. Calculate the remainder when 12/a*-6*14/28 is divided by k.
0
Let v(r) = -14*r**2 + 92*r + 62. Calculate the remainder when 546 is divided by v(6).
106
Suppose -4*q + 3*p + 184 = 0, -4*p + 469 = 5*q + 208. Let y(u) = 3*u - 2*u - 26*u**3 + 0*u**2 - u**2 - 2*u. Calculate the remainder when q is divided by y(-1).
23
Let t(h) = -20*h**3 + 0*h - 37*h**2 + 21*h**3 - 20*h + 5 - 4*h - 13*h. Calculate the remainder when t(38) is divided by 5.
3
Suppose -3*a = -3*n - 57, n - 4 = -1. Let v = 46036 + -46028. What is the remainder when a is divided by v?
6
Let g be (3 - 3) + 0*1/(-3). Suppose g = l - 8*l + 28. Suppose -4*a = -2*v - 202, l*v + 52 = a + 3*v. Calculate the remainder when a is divided by 13.
10
Let z = -74 + 159. What is the remainder when z is divided by 61?
24
Let l(w) = -w**3 - 6*w**2 - 24*w - 211. Calculate the remainder when l(-15) is divided by 198.
194
Let n(o) = o**2 - o - 3. Let f be 30/(-9)*9/(-5). Let l = 1114 - 1100. Calculate the remainder when n(f) is divided by l.
13
Suppose 0 = -253*b - 351*b + 112344. Calculate the remainder when 825 is divided by b.
81
Let a = -10 + 64. Suppose 9*h - 767 = 637. What is the remainder when h is divided by a?
48
Let q = 81 - -32. Let j = 63838 + -63781. What is the remainder when q is divided by j?
56
Calculate the remainder when 8*-1 - -3*-239*13/(-39) is divided by 34.
27
Let b(l) = -4*l - 30. Let w be b(-6). Let u(z) = -z**2 - z + 108. Calculate the remainder when u(w) is divided by 16.
14
What is the remainder when 356 is divided by (16/(6 - -10))/((-1)/(-19))?
14
Let p(j) = -2*j**3 - 4*j**2 + 3*j + 6. Calculate the remainder when p(-4) is divided by 0 + (-4)/(-14) + 6882/217.
26
Suppose 11*y = 213 - 4. Suppose 5*c - 189 = n, 20*n = -2*c + y*n + 77. Calculate the remainder when 721 is divided by c.
37
Let t = 1300 + -1061. Calculate the remainder when t is divided by 122.
117
Let a = -32 - 16. Let z = -27 - a. Suppose 139 = 2*r - 3*o, -4*r - 32 + 295 = -3*o. Calculate the remainder when r is divided by z.
20
Suppose -15*s + 14*s - 35683 = -9*i, -2*i + 7921 = s. What is the remainder when i is divided by 1317?
13
Suppose -2*h - 3 = -11. Calculate the remainder when (-9)/3 + h - -102 is divided by ((-8)/(-10))/(54080/1800 - 30).
13
Let y = 3272 + -1972. What is the remainder when y is divided by 22?
2
Suppose -1352 = -4*l - 2*s, -4*l + s + 448 = -904. Suppose l - 648 = -2*d. What is the remainder when d is divided by 52?
51
Suppose 86*x = 170*x - 559 - 25817. What is the remainder when x is divided by 83?
65
Let h be 2/(-6) - 903/(-9). Let o = h - 22. Suppose 2*z - 4 = f, 108*f - 113*f + 2*z = -76. Calculate the remainder when o is divided by f.
18
Suppose 2*m = -m + 405. Let o(g) = -g**3 + 32*g**2 - 150*g + 95. Calculate the remainder when m is divided by o(5).
15
Suppose 3*j - 2*c - 88 = 56, 0 = 3*j + 3*c - 159. Let s(l) = -l**3 - 4*l**2 - 6*l + 10. Let f = -16 - -9. What is the remainder when s(f) is divided by j?
49
What is the remainder when 237 is divided by (-64)/224 + (-4632)/(-42)?
17
Suppose -3*i + t + 41 = 0, -2 = -t + 2. Calculate the remainder when 95 is divided by 42*(1 - i/18).
4
Let n(w) = -2*w**3 + 28*w**2 + 30*w + 6. Let m be n(15). Calculate the remainder when 10/(20/m) + (-122)/(-2) is divided by 11.
9
Let l be (-6)/(-4)*(-9768)/36. Let a = l - -464. What is the remainder when 454 is divided by a?
55
Let x(s) = 319*s - 1196. What is the remainder when x(6) is divided by 207?
97
Let j = 277 + -127. Suppose 0 = -4*u - z - 4*z + j, -4*u + 2*z = -164. Calculate the remainder when 70 is divided by u.
30
Let f(d) = 9*d**2 + 26*d - 9. Let q be f(-19). Suppose q - 569 = 7*w. Calculate the remainder when w is divided by 26.
25
Let r = 470 - 371. Calculate the remainder when r is divided by 9/((-4)/72*-6).
18
Let o = 336 + -320. What is the remainder when 30 is divided by (15 - o)/((-2)/38)?
11
Suppose -288 = -4*o - 4*q, 3*o = o + 5*q + 151. Let w be (-6)/(-8) - 26/(-8). Suppose -2*k + 46 = -w. Calculate the remainder when o is divided by k.
23
Let p(c) = -c**3 - 3*c**2 + 3*c + 43. What is the remainder when 412 is divided by p(-4)?
36
Let z(s) = 3*s - 9. Let p be z(5). Suppose 2*i = -5*r + p*i - 28, 0 = -r + 3*i - 10. Let a = r - -48. Calculate the remainder when a is divided by 5.
4
Let y = 14 - 67. Let q = -45 - y. What is the remainder when (q/28 + (-9)/7)*-109 is divided by 14?
11
Suppose 0 = -2*x - 4*n - 4, x - 2*n + 8 = 38. Suppose -b - 45 = -4*b. Let s = b - -37. Calculate the remainder when s is divided by x.
10
Let x(j) = j**2 + 19*j + 44. Let a be x(-17). Suppose 4*i = -0*r + 3*r + 64, -2*i = r - 22. Calculate the remainder when 170/4*8/a is divided by i.
8
Let w(l) = -32*l + 466. Calculate the remainder when w(8) is divided by 82.
46
Let s be (-4)/6*(3 + 15/(-2)). Suppose -o + 2 - 57 = -k, 0 = -s*k - o + 149. Suppose 3*c - k - 45 = 0. Calculate the remainder when c is divided by 9.
5
Suppose 2